{"id":2,"date":"2011-09-07T12:20:00","date_gmt":"2011-09-07T12:20:00","guid":{"rendered":"http:\/\/www.kinderatelier-harlaching.de\/?page_id=2"},"modified":"2023-11-16T19:41:14","modified_gmt":"2023-11-16T19:41:14","slug":"beispiel-seite","status":"publish","type":"page","link":"http:\/\/www.kinderatelier-harlaching.de\/?page_id=2","title":{"rendered":"Kursleitung"},"content":{"rendered":"\n<div class=\"wp-block-media-text has-media-on-the-right is-stacked-on-mobile alignwide\"><div class=\"wp-block-media-text__content\">\n<p class=\"has-text-color has-medium-font-size\" style=\"color:#337c9b\"><strong>Bettina Ziegler<\/strong><\/p>\n\n\n\n<p class=\"has-text-color\" style=\"color:#1372a9\">Malerin und Kunsterzieherin<br>Studium an der Akademie der Bildenden K\u00fcnste M\u00fcnchen<br>Assistentin bei Prof. Seitz<br>Mitarbeit an der Schule der Phantasie<br>freiberufliche  Dozentin innerhalb zahlreicher Projekte mit Kindern, Jugendlichen und  Erwachsenen wie Interational Preschool, Donna Mobile (Vorbereitung f\u00fcr  Erzieherinnen), Starten statt Warten an der VHS (Kunstunterricht f\u00fcr  jugendliche Migranten) Gr\u00fcndung des Kinderateliers im Jahr 2000. Seitdem  finden hier Kurse und Workshops f\u00fcr Kinder statt, sowie  Einzelunterricht und Kurse f\u00fcr Erwachsene. <\/p>\n\n\n\n<p> <\/p>\n\n\n\n<p class=\"has-text-align-left has-text-color has-medium-font-size\" style=\"color:#1080b0\"><\/p>\n<\/div><figure class=\"wp-block-media-text__media\"><img decoding=\"async\" loading=\"lazy\" width=\"1024\" height=\"1024\" src=\"http:\/\/www.kinderatelier-harlaching.de\/wp-content\/uploads\/2020\/10\/IMG_20201008_184856-2-1024x1024.jpg\" alt=\"\" class=\"wp-image-429 size-full\" srcset=\"http:\/\/www.kinderatelier-harlaching.de\/wp-content\/uploads\/2020\/10\/IMG_20201008_184856-2-1024x1024.jpg 1024w, http:\/\/www.kinderatelier-harlaching.de\/wp-content\/uploads\/2020\/10\/IMG_20201008_184856-2-300x300.jpg 300w, http:\/\/www.kinderatelier-harlaching.de\/wp-content\/uploads\/2020\/10\/IMG_20201008_184856-2-768x768.jpg 768w\" sizes=\"(max-width: 1024px) 100vw, 1024px\" \/><\/figure><\/div>\n\n\n\n<p><\/p>\n\n\n\n<div class=\"wp-block-media-text alignwide has-media-on-the-right\"><figure class=\"wp-block-media-text__media\"><img decoding=\"async\" loading=\"lazy\" width=\"508\" height=\"617\" src=\"http:\/\/www.kinderatelier-harlaching.de\/wp-content\/uploads\/2022\/11\/stephanie-cut2.jpg\" alt=\"\" class=\"wp-image-589\" srcset=\"http:\/\/www.kinderatelier-harlaching.de\/wp-content\/uploads\/2022\/11\/stephanie-cut2.jpg 508w, http:\/\/www.kinderatelier-harlaching.de\/wp-content\/uploads\/2022\/11\/stephanie-cut2-247x300.jpg 247w\" sizes=\"(max-width: 508px) 100vw, 508px\" \/><\/figure><div class=\"wp-block-media-text__content\">\n\n<p style=\"color:#0071a1\" class=\"has-text-color has-medium-font-size\"><strong>Malen mit selbstgemachten Pigmentfarben mit<\/strong><br><br><strong>Stephanie Eisert<\/strong><\/p>\n\n\n<p style=\"color:#0071a1\" class=\"has-text-color\">Ausbildung zur Theatermalerin an den M\u00fcnchner Kammerspielen <br>Studium an der Akademie der Bildenden K\u00fcnste M\u00fcnchen, Prof.Zeniuk, Malerei<br>Mitarbeit an der Schule der Phantasie <br>p\u00e4dagogische Mitarbeit in der Waldwerkstatt Harlaching, Malen, T\u00f6pfern, Kost\u00fcme <\/p>\n\n\n<p style=\"color:#1685b4;text-align:left\" class=\"has-text-color\"> <\/p>\n\n<\/div><\/div>\n","protected":false},"excerpt":{"rendered":"<p>Bettina Ziegler Malerin und KunsterzieherinStudium an der Akademie der Bildenden K\u00fcnste M\u00fcnchenAssistentin bei Prof. SeitzMitarbeit an der Schule der Phantasiefreiberufliche Dozentin innerhalb zahlreicher Projekte mit Kindern, Jugendlichen und Erwachsenen wie Interational Preschool, Donna Mobile (Vorbereitung f\u00fcr Erzieherinnen), Starten statt Warten &hellip; <a href=\"http:\/\/www.kinderatelier-harlaching.de\/?page_id=2\">Weiterlesen <span class=\"meta-nav\">&rarr;<\/span><\/a><\/p>\n","protected":false},"author":1,"featured_media":0,"parent":0,"menu_order":1,"comment_status":"closed","ping_status":"open","template":"","meta":{"ngg_post_thumbnail":0,"footnotes":""},"_links":{"self":[{"href":"http:\/\/www.kinderatelier-harlaching.de\/index.php?rest_route=\/wp\/v2\/pages\/2"}],"collection":[{"href":"http:\/\/www.kinderatelier-harlaching.de\/index.php?rest_route=\/wp\/v2\/pages"}],"about":[{"href":"http:\/\/www.kinderatelier-harlaching.de\/index.php?rest_route=\/wp\/v2\/types\/page"}],"author":[{"embeddable":true,"href":"http:\/\/www.kinderatelier-harlaching.de\/index.php?rest_route=\/wp\/v2\/users\/1"}],"replies":[{"embeddable":true,"href":"http:\/\/www.kinderatelier-harlaching.de\/index.php?rest_route=%2Fwp%2Fv2%2Fcomments&post=2"}],"version-history":[{"count":23,"href":"http:\/\/www.kinderatelier-harlaching.de\/index.php?rest_route=\/wp\/v2\/pages\/2\/revisions"}],"predecessor-version":[{"id":627,"href":"http:\/\/www.kinderatelier-harlaching.de\/index.php?rest_route=\/wp\/v2\/pages\/2\/revisions\/627"}],"wp:attachment":[{"href":"http:\/\/www.kinderatelier-harlaching.de\/index.php?rest_route=%2Fwp%2Fv2%2Fmedia&parent=2"}],"curies":[{"name":"wp","href":"https:\/\/api.w.org\/{rel}","templated":true}]}}

<div class="wp-block-media-text has-media-on-the-right is-stacked-on-mobile alignwide"><div class="wp-block-media-text__content">
<p class="has-text-color has-medium-font-size" style="color:#337c9b"><strong>Bettina Ziegler</strong></p>



<p class="has-text-color" style="color:#1372a9">Malerin und Kunsterzieherin<br>Studium an der Akademie der Bildenden Künste München<br>Assistentin bei Prof. Seitz<br>Mitarbeit an der Schule der Phantasie<br>freiberufliche  Dozentin innerhalb zahlreicher Projekte mit Kindern, Jugendlichen und  Erwachsenen wie Interational Preschool, Donna Mobile (Vorbereitung für  Erzieherinnen), Starten statt Warten an der VHS (Kunstunterricht für  jugendliche Migranten) Gründung des Kinderateliers im Jahr 2000. Seitdem  finden hier Kurse und Workshops für Kinder statt, sowie  Einzelunterricht und Kurse für Erwachsene. </p>



<p> </p>



<p class="has-text-align-left has-text-color has-medium-font-size" style="color:#1080b0"></p>
</div><figure class="wp-block-media-text__media"><img decoding="async" loading="lazy" width="1024" height="1024" src="http://www.kinderatelier-harlaching.de/wp-content/uploads/2020/10/IMG_20201008_184856-2-1024x1024.jpg" alt="" class="wp-image-429 size-full" srcset="http://www.kinderatelier-harlaching.de/wp-content/uploads/2020/10/IMG_20201008_184856-2-1024x1024.jpg 1024w, http://www.kinderatelier-harlaching.de/wp-content/uploads/2020/10/IMG_20201008_184856-2-300x300.jpg 300w, http://www.kinderatelier-harlaching.de/wp-content/uploads/2020/10/IMG_20201008_184856-2-768x768.jpg 768w" sizes="(max-width: 1024px) 100vw, 1024px" /></figure></div>



<p></p>



<div class="wp-block-media-text alignwide has-media-on-the-right"><figure class="wp-block-media-text__media"><img decoding="async" loading="lazy" width="508" height="617" src="http://www.kinderatelier-harlaching.de/wp-content/uploads/2022/11/stephanie-cut2.jpg" alt="" class="wp-image-589" srcset="http://www.kinderatelier-harlaching.de/wp-content/uploads/2022/11/stephanie-cut2.jpg 508w, http://www.kinderatelier-harlaching.de/wp-content/uploads/2022/11/stephanie-cut2-247x300.jpg 247w" sizes="(max-width: 508px) 100vw, 508px" /></figure><div class="wp-block-media-text__content">

<p style="color:#0071a1" class="has-text-color has-medium-font-size"><strong>Malen mit selbstgemachten Pigmentfarben mit</strong><br><br><strong>Stephanie Eisert</strong></p>


<p style="color:#0071a1" class="has-text-color">Ausbildung zur Theatermalerin an den Münchner Kammerspielen <br>Studium an der Akademie der Bildenden Künste München, Prof.Zeniuk, Malerei<br>Mitarbeit an der Schule der Phantasie <br>pädagogische Mitarbeit in der Waldwerkstatt Harlaching, Malen, Töpfern, Kostüme </p>


<p style="color:#1685b4;text-align:left" class="has-text-color"> </p>

</div></div>

<p>Bettina Ziegler Malerin und KunsterzieherinStudium an der Akademie der Bildenden Künste MünchenAssistentin bei Prof. SeitzMitarbeit an der Schule der Phantasiefreiberufliche Dozentin innerhalb zahlreicher Projekte mit Kindern, Jugendlichen und Erwachsenen wie Interational Preschool, Donna Mobile (Vorbereitung für Erzieherinnen), Starten statt Warten &hellip; <a href="http://www.kinderatelier-harlaching.de/?page_id=2">Weiterlesen <span class="meta-nav">&rarr;</span></a></p>
