{"id":517,"date":"2024-07-12T13:25:29","date_gmt":"2024-07-12T13:25:29","guid":{"rendered":"http:\/\/www.kinderatelier-harlaching.de\/?page_id=517"},"modified":"2025-08-10T12:36:21","modified_gmt":"2025-08-10T12:36:21","slug":"sommerferienkurse-2022","status":"publish","type":"page","link":"http:\/\/www.kinderatelier-harlaching.de\/?page_id=517","title":{"rendered":"Ferienkurse, Samstagskurse und Geburtstage"},"content":{"rendered":"\n<p><\/p>\n\n\n<p><strong>Sommerkurse 2025 im Kinderatelier Harlaching:<\/strong><\/p>\n<p>Aktuelle Termine :&nbsp; &nbsp; &nbsp; Montag, 25.08.2025,&nbsp; &nbsp;10:00 bis 13:30<\/p>\n<p>&nbsp; &nbsp; &nbsp; &nbsp; &nbsp; &nbsp; &nbsp; &nbsp; &nbsp; &nbsp; &nbsp; &nbsp; &nbsp; &nbsp; &nbsp; &nbsp; &nbsp; Dienstag, 26.08.2025,&nbsp; 10:00 bis 13:30<\/p>\n<p>&nbsp; &nbsp; &nbsp; &nbsp; &nbsp; &nbsp; &nbsp; &nbsp; &nbsp; &nbsp; &nbsp; &nbsp; &nbsp; &nbsp; &nbsp; &nbsp; &nbsp; Mittwoch, 27.08.2025,&nbsp; 10:00 bis 13:30<\/p>\n<p>Auch dieses Jahr gibt es wieder einen Sommerkurs !<\/p>\n<p>Wir malen, drucken, zeichnen oder basteln je nach Interesse der Kinder.<\/p>\n<p>Es stehen Farben , Stifte, Kreiden , Papier, Leinw\u00e4nde und vieles mehr zur Verf\u00fcgung.<\/p>\n<p>Ich freue mich auf eine sch\u00f6ne , kreative Zeit mit den Kindern !<\/p>\n<p>&nbsp;<\/p>\n<h1>&nbsp;<\/h1>\n<h1><img decoding=\"async\" loading=\"lazy\" class=\"aligncenter size-full wp-image-638\" src=\"http:\/\/www.kinderatelier-harlaching.de\/wp-content\/uploads\/2019\/07\/Bettina_Atelier_Aug2022_kl.jpg\" alt=\"\" width=\"600\" height=\"848\" srcset=\"http:\/\/www.kinderatelier-harlaching.de\/wp-content\/uploads\/2019\/07\/Bettina_Atelier_Aug2022_kl.jpg 600w, http:\/\/www.kinderatelier-harlaching.de\/wp-content\/uploads\/2019\/07\/Bettina_Atelier_Aug2022_kl-212x300.jpg 212w\" sizes=\"(max-width: 600px) 100vw, 600px\" \/><\/h1>\n<p><strong>Willkommen bei unserem Sommerprogramm Malen-Drucken-Bauen im Kinderatelier !<\/strong><\/p>\n<p>Freitag, 30.08.2024 :&nbsp; Heute malen wir mit leuchtenden Farben, wie Gouache, Acryl , Wasserfarben und auch \u00d6l- oder Pastellkreiden auf Papier oder Leinw\u00e4nde. Der Fantasie sind keine Grenzen gesetzt ! &nbsp; &nbsp; &nbsp; &nbsp; &nbsp; &nbsp; &nbsp; &nbsp;<\/p>\n<p>Samstag, 31.08.2024 :&nbsp; Verschiedene Drucktechniken, Monotypie, Materialdruck und Drucken mit Moosgummi f\u00fchren zu \u00fcberraschenden Ergebnissen. Heute steht die Lust verschiedene Techniken auszupobieren und die Freude am Experimenieren im Vordergrund.<\/p>\n<p>Sonntag, 01.09.2024 : Viel zu schade zum Wegwerfen ! Wir gestalten aus Recyclingmaterialien kleine Kunstwerke. Wir bauen aus Verpackungsmaterialien, die wir sonst entsorgen w\u00fcrden, fantasievolle Objekte. Wir lassen uns anregen durch Formen , Farben und die verschiedenen Materialien der Dinge, denen wir ein neues Leben einhauchen . Wer mag kann eigene Materialien mitbringen !<\/p>\n<p>Zeit : &nbsp; &nbsp; &nbsp; &nbsp; &nbsp; &nbsp;&nbsp; jeweils 10:00 bis 13:30<\/p>\n<p>Kosten : &nbsp; &nbsp; &nbsp;&nbsp; pro Tag 60,- Euro inclusive Material<\/p>\n<p>Anmeldung : Bettina Ziegler 0176-55 14 66 64<\/p>\n<p>&nbsp;<\/p>\n<p>&nbsp;<\/p>\n<p><strong>Folgende Ferienkurse haben wir bereits erfolgreich angeboten, sie k\u00f6nnen weiterhin in den Ferien, oder als Geburtstagsevent gebucht werden :<\/strong><\/p>\n<p>&nbsp;<\/p>\n<p>&nbsp;<\/p>\n<p><strong>Eine<\/strong> <strong>Reise in die Steinzeit&nbsp; &#8211;&nbsp; H\u00f6hlenmalerei mit Erdfarben<br><img decoding=\"async\" loading=\"lazy\" class=\"aligncenter size-full wp-image-616\" src=\"http:\/\/www.kinderatelier-harlaching.de\/wp-content\/uploads\/2023\/10\/steinzeitmalerei_2.jpg\" alt=\"\" width=\"600\" height=\"803\" srcset=\"http:\/\/www.kinderatelier-harlaching.de\/wp-content\/uploads\/2023\/10\/steinzeitmalerei_2.jpg 600w, http:\/\/www.kinderatelier-harlaching.de\/wp-content\/uploads\/2023\/10\/steinzeitmalerei_2-224x300.jpg 224w\" sizes=\"(max-width: 600px) 100vw, 600px\" \/><\/strong>Wir betrachten Abbildungen der H\u00f6hlenmalereien aus der Steinzeit, die uns in Bildern erz\u00e4hlen, wie die Menschen damals gelebt haben.<\/p>\n<p><strong>Mo 30.10.2023 \/ Di 31.10.2023 und Mi 01.11.2023<\/strong> jeweils von <strong>14:30 bis 16:30 Uhr<\/strong><\/p>\n<p>Montag, 30.10.2023 :&nbsp;&nbsp; Heute erfahren wir etwas \u00fcber die Tiere, die damals lebten : Mammuts,Stiere, Rentiere, Bisons, L\u00f6wen, Wollnash\u00f6rner&#8230;anhand von Abbildungen \u00fcben wir unsere Lieblingstiere zu zeichnen. Wir malen und zeichnen auf Papier oder auf sch\u00f6ne Steine, mit denen wir unser Zimmer schm\u00fccken k\u00f6nnen.<\/p>\n<p>Dienstag, 31.10.2023 :&nbsp; Wie sahen eigentlich die Menschen damals aus, die in der Steinzeit lebten ? Welche Kleidung und welchen Schmuck trugen sie ? Welche Werkzeuge stellten sie sich her ? Alles fanden sie in der Natur. Wir malen und zeichnen mit Naturfarben aus Erde und Pflanzen, bauen uns&nbsp; ein Steinzeitbeil oder basteln uns einen sch\u00f6nen Schmuck aus Naturmaterialien, wie Leder, Muscheln, Steinen, Holz und Federn.<\/p>\n<p>Mittwoch, 1.11.2023 : Heute wird gemalt, und zwar mit sch\u00f6nen Pigmentfarben auf gro\u00dfformatigen Leinw\u00e4nden. Ob H\u00f6hlenmalerei oder eigene Ideen, alles kann heute nach Herzenslust mit Farbe und Pinsel entstehen ! Am Ende nehmt ihr eure gro\u00dfen Kunstwerke mit nach Hause, wo sie sicher einen Ehrenplatz erhalten.<\/p>\n<p>Kosten: 50,-Euro pro Nachmittag,<\/p>\n<p>Anmeldung : Bettina Ziegler: tel. 0176 55 14 66 64<\/p>\n<p>&nbsp;&nbsp;&nbsp;&nbsp;&nbsp;&nbsp;&nbsp;&nbsp;&nbsp;&nbsp;&nbsp;&nbsp;&nbsp;&nbsp;&nbsp;&nbsp;&nbsp;&nbsp;&nbsp;&nbsp;&nbsp; Stephanie Eisert: tel. 0171 79 61 750<\/p>\n<p><strong>&nbsp;<\/strong><\/p>\n<p><strong>Feuerwerk der Farben: Malen mit leuchtenden und selbstgemachten Pigmentfarben<\/strong><\/p>\n<p>Zur Einstimmung h\u00f6ren wir eine Geschichte und lauschen den Kl\u00e4ngen einer sch\u00f6nen Musik&#8230;davon inspiriert malen wir unsere Bilder auf Papier und Leinwand mit lichtechten,leuchtenden Farben, die wir selbst anmischen werden<\/p>\n<p>&nbsp;&nbsp;&nbsp;&nbsp;&nbsp;&nbsp;<\/p>\n<p>Kosten: 60,- Euro Kursgeb\u00fchr plus 8,- Euro Materialgeld<\/p>\n<p>Anmeldung : Bettina Ziegler : 0176 55 14 66 64<\/p>\n<p>&nbsp; &nbsp; &nbsp; &nbsp; &nbsp; &nbsp; &nbsp; &nbsp; &nbsp; &nbsp;&nbsp; Stephanie Eisert : 0171 79 61 750<\/p>\n<p><img decoding=\"async\" loading=\"lazy\" class=\"aligncenter size-full wp-image-585\" src=\"http:\/\/www.kinderatelier-harlaching.de\/wp-content\/uploads\/2022\/11\/Plakat-Dezember-cut.jpg\" alt=\"\" width=\"625\" height=\"847\" srcset=\"http:\/\/www.kinderatelier-harlaching.de\/wp-content\/uploads\/2022\/11\/Plakat-Dezember-cut.jpg 625w, http:\/\/www.kinderatelier-harlaching.de\/wp-content\/uploads\/2022\/11\/Plakat-Dezember-cut-221x300.jpg 221w\" sizes=\"(max-width: 625px) 100vw, 625px\" \/><\/p>\n<p>&nbsp;<\/p>\n<h2><strong>Mobiles, Windspiele oder Klangspiele<\/strong><\/h2>\n<p>Aus den sch\u00f6nen Dingen der Natur wie Muscheln, Federn, St\u00f6ckchen und Steinchen und anderen Dingen bauen wir gemeinsam ein eigenes Mobile, Windspiel oder Klangspiel f\u00fcr Zuhause.<\/p>\n<p>Dauer 3,5 Stunden<\/p>\n<p>Kosten: 60,- Euro, inklusive Material<\/p>\n<p>&nbsp;<\/p>\n<h1><strong>Eine Fantasiereise durch die Welt der Farben und der Poesie<\/strong><\/h1>\n<p>Unsere Reise beginnt mit dem Kennenlernen eines Kindergedichtes. Inspiriert durch die Welt der Poesie malen wir dazu Bilder. Wir binden und gestalten ein eigenes Buch f\u00fcr uns, in das wir malen und schreiben k\u00f6nnen, und das uns als Poesiealbum, Tagebuch oder Freundschaftsbuch begleiten wird.<\/p>\n<p>Dauer 3,5 Stunden<\/p>\n<p>Kosten: 60,- Euro, inklusive Material<\/p>\n<p>&nbsp;<\/p>\n<h1><strong>Malen und Drucken im Freien<\/strong><\/h1>\n<p>&nbsp;<\/p>\n<p>In den Sommermonaten genie\u00dfen wir im \u00fcberdachten Hof die Freiheit auf gro\u00dfen Formaten zu malen. Wir experimentieren mit der Vielfalt der Farben beim Drucken von Monotypien und lassen uns von unseren Bildern, die wir hervorzaubern, \u00fcberraschen.<\/p>\n<p>Dauer 3,5 Stunden<\/p>\n<p>Kosten: 60,- Euro, inklusive Material<\/p>\n\n\n<figure class=\"wp-block-image\"><img decoding=\"async\" src=\"http:\/\/www.kinderatelier-harlaching.de\/wp-content\/gallery\/drausse\/dscf9534_resize.jpg\" alt=\"\"\/><\/figure>\n","protected":false},"excerpt":{"rendered":"<p>Sommerkurse 2025 im Kinderatelier Harlaching: Aktuelle Termine :&nbsp; &nbsp; &nbsp; Montag, 25.08.2025,&nbsp; &nbsp;10:00 bis 13:30 &nbsp; &nbsp; &nbsp; &nbsp; &nbsp; &nbsp; &nbsp; &nbsp; &nbsp; &nbsp; &nbsp; &nbsp; &nbsp; &nbsp; &nbsp; &nbsp; &nbsp; Dienstag, 26.08.2025,&nbsp; 10:00 bis 13:30 &nbsp; &nbsp; &nbsp; &hellip; <a href=\"http:\/\/www.kinderatelier-harlaching.de\/?page_id=517\">Weiterlesen <span class=\"meta-nav\">&rarr;<\/span><\/a><\/p>\n","protected":false},"author":1,"featured_media":0,"parent":0,"menu_order":0,"comment_status":"closed","ping_status":"closed","template":"","meta":{"ngg_post_thumbnail":0,"footnotes":""},"_links":{"self":[{"href":"http:\/\/www.kinderatelier-harlaching.de\/index.php?rest_route=\/wp\/v2\/pages\/517"}],"collection":[{"href":"http:\/\/www.kinderatelier-harlaching.de\/index.php?rest_route=\/wp\/v2\/pages"}],"about":[{"href":"http:\/\/www.kinderatelier-harlaching.de\/index.php?rest_route=\/wp\/v2\/types\/page"}],"author":[{"embeddable":true,"href":"http:\/\/www.kinderatelier-harlaching.de\/index.php?rest_route=\/wp\/v2\/users\/1"}],"replies":[{"embeddable":true,"href":"http:\/\/www.kinderatelier-harlaching.de\/index.php?rest_route=%2Fwp%2Fv2%2Fcomments&post=517"}],"version-history":[{"count":35,"href":"http:\/\/www.kinderatelier-harlaching.de\/index.php?rest_route=\/wp\/v2\/pages\/517\/revisions"}],"predecessor-version":[{"id":659,"href":"http:\/\/www.kinderatelier-harlaching.de\/index.php?rest_route=\/wp\/v2\/pages\/517\/revisions\/659"}],"wp:attachment":[{"href":"http:\/\/www.kinderatelier-harlaching.de\/index.php?rest_route=%2Fwp%2Fv2%2Fmedia&parent=517"}],"curies":[{"name":"wp","href":"https:\/\/api.w.org\/{rel}","templated":true}]}}

<p></p>


<p><strong>Sommerkurse 2025 im Kinderatelier Harlaching:</strong></p>
<p>Aktuelle Termine :&nbsp; &nbsp; &nbsp; Montag, 25.08.2025,&nbsp; &nbsp;10:00 bis 13:30</p>
<p>&nbsp; &nbsp; &nbsp; &nbsp; &nbsp; &nbsp; &nbsp; &nbsp; &nbsp; &nbsp; &nbsp; &nbsp; &nbsp; &nbsp; &nbsp; &nbsp; &nbsp; Dienstag, 26.08.2025,&nbsp; 10:00 bis 13:30</p>
<p>&nbsp; &nbsp; &nbsp; &nbsp; &nbsp; &nbsp; &nbsp; &nbsp; &nbsp; &nbsp; &nbsp; &nbsp; &nbsp; &nbsp; &nbsp; &nbsp; &nbsp; Mittwoch, 27.08.2025,&nbsp; 10:00 bis 13:30</p>
<p>Auch dieses Jahr gibt es wieder einen Sommerkurs !</p>
<p>Wir malen, drucken, zeichnen oder basteln je nach Interesse der Kinder.</p>
<p>Es stehen Farben , Stifte, Kreiden , Papier, Leinwände und vieles mehr zur Verfügung.</p>
<p>Ich freue mich auf eine schöne , kreative Zeit mit den Kindern !</p>
<p>&nbsp;</p>
<h1>&nbsp;</h1>
<h1><img decoding="async" loading="lazy" class="aligncenter size-full wp-image-638" src="http://www.kinderatelier-harlaching.de/wp-content/uploads/2019/07/Bettina_Atelier_Aug2022_kl.jpg" alt="" width="600" height="848" srcset="http://www.kinderatelier-harlaching.de/wp-content/uploads/2019/07/Bettina_Atelier_Aug2022_kl.jpg 600w, http://www.kinderatelier-harlaching.de/wp-content/uploads/2019/07/Bettina_Atelier_Aug2022_kl-212x300.jpg 212w" sizes="(max-width: 600px) 100vw, 600px" /></h1>
<p><strong>Willkommen bei unserem Sommerprogramm Malen-Drucken-Bauen im Kinderatelier !</strong></p>
<p>Freitag, 30.08.2024 :&nbsp; Heute malen wir mit leuchtenden Farben, wie Gouache, Acryl , Wasserfarben und auch Öl- oder Pastellkreiden auf Papier oder Leinwände. Der Fantasie sind keine Grenzen gesetzt ! &nbsp; &nbsp; &nbsp; &nbsp; &nbsp; &nbsp; &nbsp; &nbsp;</p>
<p>Samstag, 31.08.2024 :&nbsp; Verschiedene Drucktechniken, Monotypie, Materialdruck und Drucken mit Moosgummi führen zu überraschenden Ergebnissen. Heute steht die Lust verschiedene Techniken auszupobieren und die Freude am Experimenieren im Vordergrund.</p>
<p>Sonntag, 01.09.2024 : Viel zu schade zum Wegwerfen ! Wir gestalten aus Recyclingmaterialien kleine Kunstwerke. Wir bauen aus Verpackungsmaterialien, die wir sonst entsorgen würden, fantasievolle Objekte. Wir lassen uns anregen durch Formen , Farben und die verschiedenen Materialien der Dinge, denen wir ein neues Leben einhauchen . Wer mag kann eigene Materialien mitbringen !</p>
<p>Zeit : &nbsp; &nbsp; &nbsp; &nbsp; &nbsp; &nbsp;&nbsp; jeweils 10:00 bis 13:30</p>
<p>Kosten : &nbsp; &nbsp; &nbsp;&nbsp; pro Tag 60,- Euro inclusive Material</p>
<p>Anmeldung : Bettina Ziegler 0176-55 14 66 64</p>
<p>&nbsp;</p>
<p>&nbsp;</p>
<p><strong>Folgende Ferienkurse haben wir bereits erfolgreich angeboten, sie können weiterhin in den Ferien, oder als Geburtstagsevent gebucht werden :</strong></p>
<p>&nbsp;</p>
<p>&nbsp;</p>
<p><strong>Eine</strong> <strong>Reise in die Steinzeit&nbsp; &#8211;&nbsp; Höhlenmalerei mit Erdfarben<br><img decoding="async" loading="lazy" class="aligncenter size-full wp-image-616" src="http://www.kinderatelier-harlaching.de/wp-content/uploads/2023/10/steinzeitmalerei_2.jpg" alt="" width="600" height="803" srcset="http://www.kinderatelier-harlaching.de/wp-content/uploads/2023/10/steinzeitmalerei_2.jpg 600w, http://www.kinderatelier-harlaching.de/wp-content/uploads/2023/10/steinzeitmalerei_2-224x300.jpg 224w" sizes="(max-width: 600px) 100vw, 600px" /></strong>Wir betrachten Abbildungen der Höhlenmalereien aus der Steinzeit, die uns in Bildern erzählen, wie die Menschen damals gelebt haben.</p>
<p><strong>Mo 30.10.2023 / Di 31.10.2023 und Mi 01.11.2023</strong> jeweils von <strong>14:30 bis 16:30 Uhr</strong></p>
<p>Montag, 30.10.2023 :&nbsp;&nbsp; Heute erfahren wir etwas über die Tiere, die damals lebten : Mammuts,Stiere, Rentiere, Bisons, Löwen, Wollnashörner&#8230;anhand von Abbildungen üben wir unsere Lieblingstiere zu zeichnen. Wir malen und zeichnen auf Papier oder auf schöne Steine, mit denen wir unser Zimmer schmücken können.</p>
<p>Dienstag, 31.10.2023 :&nbsp; Wie sahen eigentlich die Menschen damals aus, die in der Steinzeit lebten ? Welche Kleidung und welchen Schmuck trugen sie ? Welche Werkzeuge stellten sie sich her ? Alles fanden sie in der Natur. Wir malen und zeichnen mit Naturfarben aus Erde und Pflanzen, bauen uns&nbsp; ein Steinzeitbeil oder basteln uns einen schönen Schmuck aus Naturmaterialien, wie Leder, Muscheln, Steinen, Holz und Federn.</p>
<p>Mittwoch, 1.11.2023 : Heute wird gemalt, und zwar mit schönen Pigmentfarben auf großformatigen Leinwänden. Ob Höhlenmalerei oder eigene Ideen, alles kann heute nach Herzenslust mit Farbe und Pinsel entstehen ! Am Ende nehmt ihr eure großen Kunstwerke mit nach Hause, wo sie sicher einen Ehrenplatz erhalten.</p>
<p>Kosten: 50,-Euro pro Nachmittag,</p>
<p>Anmeldung : Bettina Ziegler: tel. 0176 55 14 66 64</p>
<p>&nbsp;&nbsp;&nbsp;&nbsp;&nbsp;&nbsp;&nbsp;&nbsp;&nbsp;&nbsp;&nbsp;&nbsp;&nbsp;&nbsp;&nbsp;&nbsp;&nbsp;&nbsp;&nbsp;&nbsp;&nbsp; Stephanie Eisert: tel. 0171 79 61 750</p>
<p><strong>&nbsp;</strong></p>
<p><strong>Feuerwerk der Farben: Malen mit leuchtenden und selbstgemachten Pigmentfarben</strong></p>
<p>Zur Einstimmung hören wir eine Geschichte und lauschen den Klängen einer schönen Musik&#8230;davon inspiriert malen wir unsere Bilder auf Papier und Leinwand mit lichtechten,leuchtenden Farben, die wir selbst anmischen werden</p>
<p>&nbsp;&nbsp;&nbsp;&nbsp;&nbsp;&nbsp;</p>
<p>Kosten: 60,- Euro Kursgebühr plus 8,- Euro Materialgeld</p>
<p>Anmeldung : Bettina Ziegler : 0176 55 14 66 64</p>
<p>&nbsp; &nbsp; &nbsp; &nbsp; &nbsp; &nbsp; &nbsp; &nbsp; &nbsp; &nbsp;&nbsp; Stephanie Eisert : 0171 79 61 750</p>
<p><img decoding="async" loading="lazy" class="aligncenter size-full wp-image-585" src="http://www.kinderatelier-harlaching.de/wp-content/uploads/2022/11/Plakat-Dezember-cut.jpg" alt="" width="625" height="847" srcset="http://www.kinderatelier-harlaching.de/wp-content/uploads/2022/11/Plakat-Dezember-cut.jpg 625w, http://www.kinderatelier-harlaching.de/wp-content/uploads/2022/11/Plakat-Dezember-cut-221x300.jpg 221w" sizes="(max-width: 625px) 100vw, 625px" /></p>
<p>&nbsp;</p>
<h2><strong>Mobiles, Windspiele oder Klangspiele</strong></h2>
<p>Aus den schönen Dingen der Natur wie Muscheln, Federn, Stöckchen und Steinchen und anderen Dingen bauen wir gemeinsam ein eigenes Mobile, Windspiel oder Klangspiel für Zuhause.</p>
<p>Dauer 3,5 Stunden</p>
<p>Kosten: 60,- Euro, inklusive Material</p>
<p>&nbsp;</p>
<h1><strong>Eine Fantasiereise durch die Welt der Farben und der Poesie</strong></h1>
<p>Unsere Reise beginnt mit dem Kennenlernen eines Kindergedichtes. Inspiriert durch die Welt der Poesie malen wir dazu Bilder. Wir binden und gestalten ein eigenes Buch für uns, in das wir malen und schreiben können, und das uns als Poesiealbum, Tagebuch oder Freundschaftsbuch begleiten wird.</p>
<p>Dauer 3,5 Stunden</p>
<p>Kosten: 60,- Euro, inklusive Material</p>
<p>&nbsp;</p>
<h1><strong>Malen und Drucken im Freien</strong></h1>
<p>&nbsp;</p>
<p>In den Sommermonaten genießen wir im überdachten Hof die Freiheit auf großen Formaten zu malen. Wir experimentieren mit der Vielfalt der Farben beim Drucken von Monotypien und lassen uns von unseren Bildern, die wir hervorzaubern, überraschen.</p>
<p>Dauer 3,5 Stunden</p>
<p>Kosten: 60,- Euro, inklusive Material</p>


<figure class="wp-block-image"><img decoding="async" src="http://www.kinderatelier-harlaching.de/wp-content/gallery/drausse/dscf9534_resize.jpg" alt=""/></figure>
